Suppose -2*g - 7*n - 4 = -3*n, 0 = -3*g - 4*n. Let b(u) be the third derivative of -u**5/60 + u**4/8 - 5*u**3/6 + 6*u**2. Calculate b(g).
-9
Suppose -5*b + 26 = -4*n, -2*n - n = 4*b + 35. Let a(f) = f**3 + 9*f**2 + 1. Determine a(n).
1
Let s(j) = 2*j**2 + j. Let a(w) = 10*w**2 + 4*w - 1. Let r = 2 - 4. Let k(f) = r*a(f) + 11*s(f). Calculate k(-2).
4
Let z(a) = a**2 + 2*a + 1. Let t(f) = -f**3 - 3*f**2 - f. Let q be t(-3). Let k = q + -5. Calculate z(k).
1
Let m(a) = a + 8. Let g(c) = 4*c + 12. Let y be g(-5). Determine m(y).
0
Let h = 15 + -6. Let b(s) = s**2 - 9*s + 2. Let w be b(h). Let u(f) = w + 2*f - 4*f + f. Calculate u(-4).
6
Let x(s) = -s**2 - 2*s + 1. Let p(q) = -2*q**3 - 8*q**2 + 2*q + 4. Let g be p(-4). What is x(g)?
-7
Let u(l) = -l + 8. Let k(g) = -g + 7. Suppose -2*o + 1 = -5. Let w(p) = o*k(p) - 2*u(p). What is w(4)?
1
Let w(s) = -s**3 + 4*s**2 + 1. Let n be -2 + 2 - -2 - 9. Suppose 0 = 2*x + 2*x + 44. Let b = n - x. What is w(b)?
1
Let z(o) = o**3 - 9*o**2 - o - 2. Let c be ((-3)/2)/((-2)/12). Give z(c).
-11
Let t(q) = -306*q**2 + 298*q**2 + 2*q - 3*q + 0*q. Determine t(1).
-9
Suppose -5*y - 16 = -3*m - 0, m = 3*y + 8. Let l(s) = -5*s - 4*s + m + 7*s. Calculate l(-2).
6
Let l be -3 + (-1 - -9) + 0. Suppose 4*k - 21 = 5*z + 35, -l*k - 5*z = -25. Let f = -4 + k. Let j(h) = -h - 2. What is j(f)?
-7
Let z(d) = -1 - 7 + 18*d - 33*d + 13*d. Suppose l + 3*g = -16, -g + 6*g + 50 = -5*l. What is z(l)?
6
Let u be (1*-1)/((-3)/(-390)). Let z be u/35 - 2/7. Let s(n) = 3*n + 3 - 3*n + n. What is s(z)?
-1
Let y(s) = -s + 2. Let r(x) = x**3 - x**2 - 4*x + 6. Let v = -1 + 3. Let u(i) = v*r(i) - 7*y(i). Let t be 8/10*5/2. What is u(t)?
4
Let a = -10 - -6. Let f(c) = 6*c**2 + 7*c. Let s(b) = 7*b**2 + 8*b + 1. Let t(i) = 6*f(i) - 5*s(i). Determine t(a).
3
Suppose 3*h - 4*b = -7*b, b + 4 = h. Let v(w) = -1 + 6 - w - w**h - 4. Calculate v(-3).
-5
Let k(a) = 16*a**3 - a**2 - a + 1. Let f be ((-2 - 22)*1)/(-2). Let p = -11 + f. Give k(p).
15
Suppose 4*r + 0*r + 36 = 0. Let k(w) = -w**2 - 8*w + 7. Determine k(r).
-2
Suppose -2 = -2*m + 6. Let r = -1 + m. Let y(k) be the second derivative of k**5/20 - k**4/6 - k**3/2 + 2*k**2 - 7*k. Determine y(r).
4
Let o(t) = -6*t - 1 + 3*t + 2*t. Let f be (18/8 + -1)*4. Give o(f).
-6
Let u(y) = -8*y - 1. Suppose -2*c = -2*d + 3*d - 11, 4 = -4*d. Suppose c = m + m. Suppose 2*g = -m*r + 10, g - 2 = -g - r. Give u(g).
7
Let h(u) = 7*u - 2*u - 3*u. Determine h(-2).
-4
Let w(t) = -5*t - 1. Suppose 2*a + 4*k - k - 3 = 0, 0 = 3*a - 5*k + 24. Let l(r) = 4*r + 1. Let s(f) = a*w(f) - 4*l(f). Give s(-4).
3
Let s(x) = -x + 243 + 257 - 517. What is s(0)?
-17
Let s(v) = 32*v - 32*v + 17*v**3 - 1. Determine s(1).
16
Suppose 5*u + 4 = -3*o + 1, 0 = -5*u - 15. Let p be ((-10)/(-8))/5*o. Let t(q) = 2 + 3 - p + q**2 + 4*q. What is t(-5)?
9
Let c(x) = -2*x**2 - 6*x + 2*x**2 - 7 - x**2. Let d be -3 - ((-6)/8)/((-1)/4). What is c(d)?
-7
Let l(i) be the third derivative of i**6/40 + i**4/12 - i**3/6 + 36*i**2. Suppose 2*r - 10 = 2*p, -3*p = 1 + 11. Let u be r/4*2*2. Calculate l(u).
4
Let l(d) = 2*d**2 + 29*d + 35. Let m(z) = z**2 + 14*z + 17. Let t(u) = 2*l(u) - 5*m(u). What is t(-10)?
5
Let v(h) be the third derivative of h**6/120 + h**5/20 - 5*h**4/24 - h**3/6 + h**2. What is v(-4)?
3
Let k(o) = -9*o**3 + 3*o - 7 + 0*o**3 - 4*o**2 + 8*o**3. Suppose 5*u - 4*t = -25, 2 = -3*u + t - 13. Determine k(u).
3
Let u(i) = i**2 + 6*i + 12. Let y(p) = -p - 1. Let k(s) = -u(s) - 5*y(s). What is k(0)?
-7
Let v(h) be the third derivative of -h**6/120 - 2*h**5/15 - 5*h**4/12 - 4*h**3/3 + 53*h**2. What is v(-7)?
13
Let z(d) be the first derivative of 3*d**4/4 + d - 10. Calculate z(-1).
-2
Let o(z) = -z**3 - 5*z**2 - 3*z + 3. Let k(d) = 2*d + 1. Let b(c) = -c**3 + c**2 + 5. Let q be b(0). Suppose -1 = q*r + 9. Let u be k(r). What is o(u)?
-6
Let y(r) be the first derivative of -2 - 1/4*r**4 + 2/3*r**3 + 0*r**2 + 2*r. Determine y(2).
2
Suppose b - 4*b + 3 = 0. Let o(n) = -1 - 3 - 2 - n + b. What is o(-6)?
1
Let k be 5*(-4)/(-15)*-3. Let i(a) be the third derivative of 5*a**4/24 + 2*a**3/3 + 6*a**2. Give i(k).
-16
Suppose 2*m - 5*l + 15 = -0*m, 0 = -5*m - 2*l + 6. Let x = m + 1. Let n(g) = -18*g + 1. What is n(x)?
-17
Suppose z - 2*l + 10 = -0*l, z = -4*l + 14. Let y(x) = x**2 + 1. Let j = 6 - 9. Let i(t) = t**2 + 1. Let g(n) = j*i(n) + 4*y(n). Determine g(z).
5
Let w(b) = 12*b**2 - 1 - b**3 + b + 11*b**2 - 29*b**2 + 10*b**2. Give w(2).
9
Let j be 12/14*(0 - 7). Let m = j - -5. Let i(z) = -10*z**2 + 5*z + 5. Let c(r) = -r**2 + r + 1. Let d(t) = -4*c(t) + i(t). Give d(m).
-6
Let g(f) = f**3 - 7*f**2 + 4*f - 6. Suppose -m = -5*q + 40, -7 = -3*q - m + 9. What is g(q)?
22
Let p(g) = g + 8. Let v be p(-5). Let x(a) = -2 - 22*a**3 - 1 - a**2 + 23*a**3 - 7*a + 4*a. Give x(v).
6
Let j = 9 - 0. Let q(v) = v**2 + 3*v - 2. Let a(r) = -4*r**2 - 12*r + 8. Let d(c) = j*q(c) + 2*a(c). Let n = 13 - 17. What is d(n)?
2
Suppose -6*z = -9*z. Suppose -5*x + 2*m + 19 = 0, -3*x + 2*m + 5 + 4 = 0. Suppose -u + z*u = -x. Let s(q) = q - 1. What is s(u)?
4
Let v(d) = 6*d. Suppose -4*u + 2*u = -2*n + 4, -3*u = 5*n - 2. Suppose 8 = -4*t - 4*f, 0 = -2*t + 5*f - n + 18. Calculate v(t).
6
Let g(m) be the first derivative of -m**2/2 - 8*m - 2. Let a(t) = 1. Suppose x + 10 = -4*d + 2, d - 1 = -x. Let z(v) = x*a(v) - g(v). Determine z(-5).
7
Let y(t) = -t - 5. Let a(o) = 4*o**2 - 1 + 0*o**2 + 3*o**2. Let w be a(1). Suppose -w*d + d = 20. Determine y(d).
-1
Let p(g) = g**2 - 11*g - 9. Let a be p(11). Let r = a + 7. Let q be (-3)/2*(0 + r). Let u(l) = 2*l - 3. Calculate u(q).
3
Let x(m) = -11*m. Suppose 0 = -2*g + 2. Let j = -2 + g. Give x(j).
11
Suppose 7*t - 15 = 10*t. Let p(d) = -2*d. What is p(t)?
10
Let k(f) = 3*f. Let n be 2/11 - (-24)/(-11). Give k(n).
-6
Let k(r) = -3*r**3 - 3*r**2 - 2*r - 16. Let b(s) = -s**3 - s**2 - s - 5. Let t(i) = 7*b(i) - 2*k(i). Let n(z) = 2*z**3 + 2*z + 2. Let h be n(-1). Give t(h).
7
Suppose -86 + 96 = 2*i. Let o(u) = -u**3 + 4*u**2 + 6*u - 2. What is o(i)?
3
Suppose y - 4*m + m - 18 = 0, 0 = y + 3*m + 12. Let t(s) = -s**2 + 3*s + 3. Determine t(y).
3
Let y(b) = -b**3 + 2*b**2 - b + 1. Let t be y(2). Let m(j) = 6*j**2. Determine m(t).
6
Suppose 0 = -2*q, -5*f - 3 = -3*q - 23. Suppose 2*x = -2*x. Let m(a) = f + x - a**2 + a**3 + 1. Calculate m(0).
5
Let u be (1/(-2))/((-1)/6). Suppose b + u*a - 4*a = 3, -4*b + 24 = 2*a. Let x(r) = r**3 - 5*r**2 + 6. Determine x(b).
6
Let r(y) be the second derivative of y - 1/2*y**3 + 0*y**2 - 1/6*y**4 + 0. Determine r(-3).
-9
Let h(r) = -r**3 + 5*r**2 - 4*r. Let y(z) = -z + 1. Let u(m) = -m - 16. Let s be u(-15). Let c(t) = s*h(t) + 6*y(t). Determine c(5).
-4
Let n(y) = -y**2 + 1. Suppose 10 = -0*v + 3*v + 5*h, 4*v - 2*h + 4 = 0. Calculate n(v).
1
Let v(h) = -5*h**3 - 2*h**2 - 14*h - 7. Let t(l) = -18*l - 7 - l**2 + l**3 - 4*l**3 - l**3 + 5*l. Let w(j) = -6*t(j) + 5*v(j). Determine w(-5).
-8
Let l(m) = -m - 4. Let f be ((-5)/(-10))/(2/68). Let y = 36 - f. Suppose 3*n = -4 + y. Give l(n).
-9
Let y(a) = 16*a**2 - 11*a**2 - 1 - 4*a**2 - 1 + 3*a. Calculate y(-5).
8
Let c = -2 + 2. Suppose c = 5*q - 9 - 6. Let h(l) = -l**3 + 4*l**2. Determine h(q).
9
Let c = 11 + -15. Let p(l) = l**2 + 5*l + 2. Give p(c).
-2
Let x(h) = h**2 - 4*h - 4. Let w(k) = -7*k - 5. Let z be w(-5). Let q be (z/12)/(1/2). Calculate x(q).
1
Let i(m) = m + 4. Let h(g) = g**2 + g - 3. Let q(f) = -f**3 - 4*f**2 - f + 3. Let t be q(-3). Let s be h(t). Let k = s + -3. What is i(k)?
4
Suppose 45 = 14*r + 3. Let p(t) = -t - 2. Calculate p(r).
-5
Let h = 78 - 72. Let s(f) = f - 9. What is s(h)?
-3
Let c = 11 + -8. Suppose u - h + 12 = 2*h, 5*u + c*h = 12. Let k(f) = -2*f**2 - f + 2*f + 2 + u*f. Give k(-2).
-8
Suppose 5*c + 2*n + 7 = 5*n, 4*c - 2*n + 6 = 0. Let p(l) = 2*l**3 + 2*l**2 + 2*l + 3. Calculate p(c).
-9
Let i(s) be the first derivative of 3*s**2/2 - 2*s - 81. Let q = 0 - 3. Let w(p) = -p**2 - 4*p - 1. Let v be w(q). What is i(v)?
4
Let c(y) = y**3 + y**2 + 2. Let f(l) = -l**3 - 4*l**2 - 2*l - 4*l + 2*l. Let s be f(-3). Suppose -2*o - s*b + 2 = -0*b, -3*b = 5*o + 4. Determine c(o).
-2
Let x(w) = w - 1. Suppose 10*y - y = -27. Calculate x(y).
-4
Let z(v) be the third derivative of v**5/60 + v**4/24 - 2*v**3/3 - 10*v**2 + 2. Let h be 2/(-7) + (-4)/(-14). 